{"id":14,"date":"2015-12-08T17:19:17","date_gmt":"2015-12-08T16:19:17","guid":{"rendered":"http:\/\/knoeferl-orthopaedie.de\/wordpress\/?page_id=14"},"modified":"2023-02-15T18:52:21","modified_gmt":"2023-02-15T17:52:21","slug":"operationen","status":"publish","type":"page","link":"https:\/\/knoeferl-orthopaedie.de\/?page_id=14","title":{"rendered":"Operationen"},"content":{"rendered":"<p>Die ambulanten Operationen werden in der Arthros Klinik Neu-Ulm in der Gartenstra\u00dfe 36 durchgef\u00fchrt.<br \/>\n<!--\n\n\n<pre><span style=\"color: #000000;\">Ambulante Operationen werden in der Tagesklinik Neu-Ulm, gegen\u00fcber der Praxis \nin der Augsburger Stra\u00dfe 6 durchgef\u00fchrt. \n<\/span><\/pre>\n\n\n\n\n\n<hr \/>\n\n\n\n\n\n<pre><span style=\"color: #000000;\">Die An\u00e4sthesie erfolgt durch das An\u00e4sthesieteam Ulm.\n<\/span><\/pre>\n\n\n\n\n\n<hr \/>\n\n\n\n\n\n<pre><span style=\"color: #000000;\">Station\u00e4re Eingriffe werden in der Stiftungsklinik Wei\u00dfenhorn durchgef\u00fchrt.\n<\/span><span style=\"color: #000000;\">G\u00fcnzburger Stra\u00dfe 41, 89264 Wei\u00dfenhorn<\/span><\/pre>\n\n\n--><\/p>\n<p>Die Narkosen bzw. lokalen An\u00e4sthesieverfahren werden vom An\u00e4sthesieteam Ulm vorgenommen.<\/p>\n","protected":false},"excerpt":{"rendered":"<p>Die ambulanten Operationen werden in der Arthros Klinik Neu-Ulm in der Gartenstra\u00dfe 36 durchgef\u00fchrt. Die Narkosen bzw. lokalen An\u00e4sthesieverfahren werden vom An\u00e4sthesieteam Ulm vorgenommen.<\/p>\n","protected":false},"author":1,"featured_media":0,"parent":0,"menu_order":4,"comment_status":"closed","ping_status":"closed","template":"","meta":[],"_links":{"self":[{"href":"https:\/\/knoeferl-orthopaedie.de\/index.php?rest_route=\/wp\/v2\/pages\/14"}],"collection":[{"href":"https:\/\/knoeferl-orthopaedie.de\/index.php?rest_route=\/wp\/v2\/pages"}],"about":[{"href":"https:\/\/knoeferl-orthopaedie.de\/index.php?rest_route=\/wp\/v2\/types\/page"}],"author":[{"embeddable":true,"href":"https:\/\/knoeferl-orthopaedie.de\/index.php?rest_route=\/wp\/v2\/users\/1"}],"replies":[{"embeddable":true,"href":"https:\/\/knoeferl-orthopaedie.de\/index.php?rest_route=%2Fwp%2Fv2%2Fcomments&post=14"}],"version-history":[{"count":14,"href":"https:\/\/knoeferl-orthopaedie.de\/index.php?rest_route=\/wp\/v2\/pages\/14\/revisions"}],"predecessor-version":[{"id":189,"href":"https:\/\/knoeferl-orthopaedie.de\/index.php?rest_route=\/wp\/v2\/pages\/14\/revisions\/189"}],"wp:attachment":[{"href":"https:\/\/knoeferl-orthopaedie.de\/index.php?rest_route=%2Fwp%2Fv2%2Fmedia&parent=14"}],"curies":[{"name":"wp","href":"https:\/\/api.w.org\/{rel}","templated":true}]}}

<p>Die ambulanten Operationen werden in der Arthros Klinik Neu-Ulm in der Gartenstraße 36 durchgeführt.<br />
<!--


<pre><span style="color: #000000;">Ambulante Operationen werden in der Tagesklinik Neu-Ulm, gegenüber der Praxis 
in der Augsburger Straße 6 durchgeführt. 
</span></pre>





<hr />





<pre><span style="color: #000000;">Die Anästhesie erfolgt durch das Anästhesieteam Ulm.
</span></pre>





<hr />





<pre><span style="color: #000000;">Stationäre Eingriffe werden in der Stiftungsklinik Weißenhorn durchgeführt.
</span><span style="color: #000000;">Günzburger Straße 41, 89264 Weißenhorn</span></pre>


--></p>
<p>Die Narkosen bzw. lokalen Anästhesieverfahren werden vom Anästhesieteam Ulm vorgenommen.</p>

<p>Die ambulanten Operationen werden in der Arthros Klinik Neu-Ulm in der Gartenstraße 36 durchgeführt. Die Narkosen bzw. lokalen Anästhesieverfahren werden vom Anästhesieteam Ulm vorgenommen.</p>
